{"id":6301,"date":"2024-06-16T17:34:53","date_gmt":"2024-06-16T15:34:53","guid":{"rendered":"https:\/\/unbrainsdenergie.fr\/?page_id=6301"},"modified":"2025-08-07T07:17:58","modified_gmt":"2025-08-07T05:17:58","slug":"qi-gong-pour-enfants-2","status":"publish","type":"page","link":"https:\/\/unbrainsdenergie.fr\/?page_id=6301","title":{"rendered":"Qi Gong pour enfants"},"content":{"rendered":"<p>[et_pb_section fb_built=\u00a0\u00bb1&Prime; _builder_version=\u00a0\u00bb4.16&Prime; custom_padding=\u00a0\u00bb0px|||||\u00a0\u00bb global_colors_info=\u00a0\u00bb{}\u00a0\u00bb][et_pb_row _builder_version=\u00a0\u00bb4.16&Prime; _module_preset=\u00a0\u00bbdefault\u00a0\u00bb global_colors_info=\u00a0\u00bb{}\u00a0\u00bb][et_pb_column type=\u00a0\u00bb4_4&Prime; _builder_version=\u00a0\u00bb4.16&Prime; _module_preset=\u00a0\u00bbdefault\u00a0\u00bb global_colors_info=\u00a0\u00bb{}\u00a0\u00bb][et_pb_post_title meta=\u00a0\u00bboff\u00a0\u00bb _builder_version=\u00a0\u00bb4.16&Prime; _module_preset=\u00a0\u00bbdefault\u00a0\u00bb title_font=\u00a0\u00bbZCOOL XiaoWei|700|||||||\u00a0\u00bb title_text_align=\u00a0\u00bbcenter\u00a0\u00bb title_text_color=\u00a0\u00bb#00208A\u00a0\u00bb title_font_size=\u00a0\u00bb40px\u00a0\u00bb text_orientation=\u00a0\u00bbcenter\u00a0\u00bb global_colors_info=\u00a0\u00bb{}\u00a0\u00bb][\/et_pb_post_title][et_pb_text _builder_version=\u00a0\u00bb4.22.2&Prime; _module_preset=\u00a0\u00bbdefault\u00a0\u00bb text_font=\u00a0\u00bbBrygada 1918||||||||\u00a0\u00bb text_font_size=\u00a0\u00bb18px\u00a0\u00bb hover_enabled=\u00a0\u00bb0&Prime; global_colors_info=\u00a0\u00bb{}\u00a0\u00bb sticky_enabled=\u00a0\u00bb0&Prime;]<\/p>\n<p>A travers le jeu et l\u2019imitation des animaux, <b>L\u2019association\u00a0 un Brains d\u2019\u00c9nergie <\/b>propose, une d\u00e9couverte ludique du Qi Gong.<\/p>\n<p>L&rsquo;enfant va d\u00e9couvrir les bienfaits de cette activit\u00e9 (aide \u00e0 la gestion des \u00e9motions, am\u00e9liore\u00a0 la capacit\u00e9 de concentration, d\u00e9veloppe la confiance en soi\u00a0 et facilite une sensation de calme et de tranquillit\u00e9 int\u00e9rieure).<\/p>\n<p>Un temps de relaxation compl\u00e8te les s\u00e9ances.<\/p>\n<p>Ces s\u00e9ances de d\u00e9couvertes ont vu le jour en septembre 2023 et sont, pour le moment, r\u00e9serv\u00e9es aux \u00e9l\u00e8ves du groupe scolaire la Perverie, de la GS au CM2.<\/p>\n<p>Les deux intervenantes sont Claudine et B\u00e9atrice.<\/p>\n<p><a href=\"https:\/\/unbrainsdenergie.fr\/wp-content\/uploads\/2025\/08\/Flyer-25-26.pdf\" rel=\"attachment noopener wp-att-6543\" target=\"_blank\">Flyer 25-26<\/a><a href=\"https:\/\/unbrainsdenergie.fr\/wp-content\/uploads\/2024\/06\/Flyer-24-25.pdf\" rel=\"attachment noopener wp-att-6308\" target=\"_blank\"><\/a><\/p>\n<p>[\/et_pb_text][et_pb_image src=\u00a0\u00bbhttps:\/\/unbrainsdenergie.fr\/wp-content\/uploads\/2024\/06\/site-ecole-300&#215;208.jpg\u00a0\u00bb title_text=\u00a0\u00bbsite ecole\u00a0\u00bb align=\u00a0\u00bbcenter\u00a0\u00bb _builder_version=\u00a0\u00bb4.22.2&Prime; _module_preset=\u00a0\u00bbdefault\u00a0\u00bb global_colors_info=\u00a0\u00bb{}\u00a0\u00bb][\/et_pb_image][\/et_pb_column][\/et_pb_row][\/et_pb_section]<\/p>\n","protected":false},"excerpt":{"rendered":"<p>A travers le jeu et l\u2019imitation des animaux, L\u2019association\u00a0 un Brains d\u2019\u00c9nergie propose, une d\u00e9couverte ludique du Qi Gong. L&rsquo;enfant va d\u00e9couvrir les bienfaits de cette activit\u00e9 (aide \u00e0 la [&hellip;]<\/p>\n","protected":false},"author":2,"featured_media":0,"parent":0,"menu_order":0,"comment_status":"closed","ping_status":"closed","template":"","meta":{"_et_pb_use_builder":"on","_et_pb_old_content":"","_et_gb_content_width":"","footnotes":""},"_links":{"self":[{"href":"https:\/\/unbrainsdenergie.fr\/index.php?rest_route=\/wp\/v2\/pages\/6301"}],"collection":[{"href":"https:\/\/unbrainsdenergie.fr\/index.php?rest_route=\/wp\/v2\/pages"}],"about":[{"href":"https:\/\/unbrainsdenergie.fr\/index.php?rest_route=\/wp\/v2\/types\/page"}],"author":[{"embeddable":true,"href":"https:\/\/unbrainsdenergie.fr\/index.php?rest_route=\/wp\/v2\/users\/2"}],"replies":[{"embeddable":true,"href":"https:\/\/unbrainsdenergie.fr\/index.php?rest_route=%2Fwp%2Fv2%2Fcomments&post=6301"}],"version-history":[{"count":6,"href":"https:\/\/unbrainsdenergie.fr\/index.php?rest_route=\/wp\/v2\/pages\/6301\/revisions"}],"predecessor-version":[{"id":6544,"href":"https:\/\/unbrainsdenergie.fr\/index.php?rest_route=\/wp\/v2\/pages\/6301\/revisions\/6544"}],"wp:attachment":[{"href":"https:\/\/unbrainsdenergie.fr\/index.php?rest_route=%2Fwp%2Fv2%2Fmedia&parent=6301"}],"curies":[{"name":"wp","href":"https:\/\/api.w.org\/{rel}","templated":true}]}}