{"id":4730,"date":"2021-03-29T22:06:12","date_gmt":"2021-03-29T20:06:12","guid":{"rendered":"https:\/\/unbrainsdenergie.fr\/?page_id=4730"},"modified":"2025-12-30T23:58:13","modified_gmt":"2025-12-30T22:58:13","slug":"feuille-de-route-mensuelle","status":"publish","type":"page","link":"https:\/\/unbrainsdenergie.fr\/?page_id=4730","title":{"rendered":"Feuille de route mensuelle"},"content":{"rendered":"<p>[et_pb_section fb_built=\u00a0\u00bb1&Prime; _builder_version=\u00a0\u00bb4.16&Prime; _module_preset=\u00a0\u00bbdefault\u00a0\u00bb global_colors_info=\u00a0\u00bb{}\u00a0\u00bb][et_pb_row _builder_version=\u00a0\u00bb4.16&Prime; _module_preset=\u00a0\u00bbdefault\u00a0\u00bb global_colors_info=\u00a0\u00bb{}\u00a0\u00bb][et_pb_column type=\u00a0\u00bb4_4&Prime; _builder_version=\u00a0\u00bb4.16&Prime; _module_preset=\u00a0\u00bbdefault\u00a0\u00bb global_colors_info=\u00a0\u00bb{}\u00a0\u00bb][et_pb_post_title meta=\u00a0\u00bboff\u00a0\u00bb _builder_version=\u00a0\u00bb4.16&Prime; _module_preset=\u00a0\u00bbdefault\u00a0\u00bb title_font=\u00a0\u00bb|700|||||||\u00a0\u00bb title_text_color=\u00a0\u00bb#00208A\u00a0\u00bb title_font_size=\u00a0\u00bb40px\u00a0\u00bb global_colors_info=\u00a0\u00bb{}\u00a0\u00bb][\/et_pb_post_title][et_pb_text _builder_version=\u00a0\u00bb4.16&Prime; _module_preset=\u00a0\u00bbdefault\u00a0\u00bb text_font=\u00a0\u00bbBrygada 1918||||||||\u00a0\u00bb text_font_size=\u00a0\u00bb18px\u00a0\u00bb width_tablet=\u00a0\u00bb\u00a0\u00bb width_phone=\u00a0\u00bb\u00a0\u00bb width_last_edited=\u00a0\u00bbon|phone\u00a0\u00bb max_width_tablet=\u00a0\u00bb\u00a0\u00bb max_width_phone=\u00a0\u00bb\u00a0\u00bb max_width_last_edited=\u00a0\u00bbon|phone\u00a0\u00bb min_height=\u00a0\u00bb321.6px\u00a0\u00bb inline_fonts=\u00a0\u00bbZCOOL XiaoWei\u00a0\u00bb global_colors_info=\u00a0\u00bb{}\u00a0\u00bb]<\/p>\n<p><span style=\"font-family: ZCOOL XiaoWei; font-weight: normal; color: #008000;\"><span style=\"left: 60px; top: 349.942px; font-size: 20px; transform: scaleX(1.03675);\" dir=\"ltr\"><\/span><span style=\"left: 60px; top: 349.942px; font-size: 20px; transform: scaleX(1.03675);\" dir=\"ltr\"><\/span><span style=\"left: 60px; top: 349.942px; font-size: 20px; transform: scaleX(1.03675);\" dir=\"ltr\"> La Feuille de route mensuelle (FDRM)<\/span><\/span><\/p>\n<p>En prise avec l\u2019information de l\u2019Animal du mois et ses caract\u00e9ristiques propres, elle est con\u00e7ue pour sugg\u00e9rer des pistes afin de fluidifier son parcours tout au long du mois.<\/p>\n<p>Nous y trouvons des \u00e9l\u00e9ments sur le plan alimentaire, des approches cibl\u00e9es, des m\u00e9ditations en ad\u00e9quation avec chaque duod\u00e9naire, etc.<\/p>\n<p>La s\u00e9ance est g\u00e9n\u00e9ralement scind\u00e9e en trois parties chacune d\u2019entr\u2019elles illustr\u00e9e et exp\u00e9riment\u00e9e concr\u00e8tement.<\/p>\n<p>Chaque mercredi apr\u00e8s-midi est balis\u00e9 par des approches suffisamment simples pour \u00eatre accessibles \u00e0 chacun-e et en m\u00eame temps des options sont propos\u00e9es pour permettre d\u2019aller plus loin pour toutes celles et tous ceux qui souhaitent investiguer plus avant en fonction de leur envie, curiosit\u00e9 voire priorit\u00e9.<\/p>\n<p><a href=\"https:\/\/unbrainsdenergie.fr\/wp-content\/uploads\/2022\/01\/Zoom-session-1ER-T-2022.pdf\" rel=\"attachment wp-att-5609\"><\/a><\/p>\n<p><span style=\"font-family: ZCOOL XiaoWei; color: #000000;\"><span style=\"left: 60px; top: 676.608px; font-size: 20px; transform: scaleX(1.06635);\" dir=\"ltr\">Un mercredi par mois, de 17h30 \u00e0 20h30. (en fran\u00e7ais)<br \/><\/span><\/span><\/p>\n<p><span style=\"font-family: ZCOOL XiaoWei; font-weight: normal; color: #000000;\"><span style=\"left: 60px; top: 676.608px; font-size: 20px; transform: scaleX(1.06635);\" dir=\"ltr\">Tarif : 50\u20ac<\/span><\/span><\/p>\n<p><span style=\"color: #0084ad;\"><span style=\"font-family: ZCOOL XiaoWei; font-weight: normal;\"><span style=\"left: 60px; top: 676.608px; font-size: 20px; transform: scaleX(1.06635);\" dir=\"ltr\"><span style=\"left: 119px; top: 931.664px; font-size: 20px; transform: scaleX(0.990875);\" dir=\"ltr\">LA VIDA O PARTNERS S<\/span><span style=\"left: 346.158px; top: 931.664px; font-size: 20px;\" dir=\"ltr\">L <\/span><\/span><\/span><span style=\"font-family: ZCOOL XiaoWei; font-weight: normal;\"><span style=\"left: 60px; top: 676.608px; font-size: 20px; transform: scaleX(1.06635);\" dir=\"ltr\"><span style=\"left: 119px; top: 954.997px; font-size: 20px; transform: scaleX(1.00021);\" dir=\"ltr\">Calle Freixa 41, 2\u00b0-1<\/span><span style=\"left: 301.52px; top: 955.272px; font-size: 13.3333px;\" dir=\"ltr\">a<\/span><span style=\"left: 314.491px; top: 954.997px; font-size: 20px; transform: scaleX(1.00049);\" dir=\"ltr\">; 08021 Barcelon<\/span><span style=\"left: 465.712px; top: 954.997px; font-size: 20px;\" dir=\"ltr\">a<\/span><\/span><\/span><\/span><\/p>\n<p><span style=\"font-family: ZCOOL XiaoWei; font-weight: normal; color: #0084ad;\"><span style=\"left: 60px; top: 676.608px; font-size: 20px; transform: scaleX(1.06635);\" dir=\"ltr\"><span style=\"left: 119px; top: 1001.66px; font-size: 20px; transform: scaleX(1.00029);\" dir=\"ltr\">Caixa Bank <\/span><span style=\"left: 221.275px; top: 1001.66px; font-size: 20px;\" dir=\"ltr\">: <\/span><span style=\"left: 120px; top: 1031.8px; font-size: 20px; transform: scaleX(1.00066);\" dir=\"ltr\">IBAN : ES61 2100 0814 0702 0105 9903 <\/span><span style=\"left: 120px; top: 1056.66px; font-size: 20px; transform: scaleX(1.00045);\" dir=\"ltr\">BIC : CAIXESBBXXX<\/span><\/span><\/span><\/p>\n<p><span style=\"font-family: ZCOOL XiaoWei; font-weight: normal; color: #00208a;\"><span style=\"left: 60px; top: 676.608px; font-size: 20px; transform: scaleX(1.06635);\" dir=\"ltr\"><span style=\"left: 119px; top: 885.153px; font-size: 20px; transform: scaleX(1.04591);\" dir=\"ltr\"><\/span><\/span><\/span><\/p>\n<p><span style=\"font-family: ZCOOL XiaoWei; font-weight: normal;\"><span style=\"left: 60px; top: 676.608px; font-size: 20px; transform: scaleX(1.06635);\" dir=\"ltr\"><\/span><\/span><\/p>\n<p><span style=\"font-family: ZCOOL XiaoWei; font-weight: normal;\"><span style=\"left: 60px; top: 676.608px; font-size: 20px; transform: scaleX(1.06635);\" dir=\"ltr\"><\/span><\/span><\/p>\n<p><span style=\"font-family: ZCOOL XiaoWei; font-weight: normal;\"><span style=\"left: 60px; top: 676.608px; font-size: 20px; transform: scaleX(1.06635);\" dir=\"ltr\"><\/span><\/span><\/p>\n<p>[\/et_pb_text][\/et_pb_column][\/et_pb_row][\/et_pb_section]<\/p>\n","protected":false},"excerpt":{"rendered":"<p>La Feuille de route mensuelle (FDRM) En prise avec l\u2019information de l\u2019Animal du mois et ses caract\u00e9ristiques propres, elle est con\u00e7ue pour sugg\u00e9rer des pistes afin de fluidifier son parcours [&hellip;]<\/p>\n","protected":false},"author":2,"featured_media":0,"parent":0,"menu_order":0,"comment_status":"closed","ping_status":"closed","template":"","meta":{"_et_pb_use_builder":"on","_et_pb_old_content":"","_et_gb_content_width":"","footnotes":""},"_links":{"self":[{"href":"https:\/\/unbrainsdenergie.fr\/index.php?rest_route=\/wp\/v2\/pages\/4730"}],"collection":[{"href":"https:\/\/unbrainsdenergie.fr\/index.php?rest_route=\/wp\/v2\/pages"}],"about":[{"href":"https:\/\/unbrainsdenergie.fr\/index.php?rest_route=\/wp\/v2\/types\/page"}],"author":[{"embeddable":true,"href":"https:\/\/unbrainsdenergie.fr\/index.php?rest_route=\/wp\/v2\/users\/2"}],"replies":[{"embeddable":true,"href":"https:\/\/unbrainsdenergie.fr\/index.php?rest_route=%2Fwp%2Fv2%2Fcomments&post=4730"}],"version-history":[{"count":13,"href":"https:\/\/unbrainsdenergie.fr\/index.php?rest_route=\/wp\/v2\/pages\/4730\/revisions"}],"predecessor-version":[{"id":6662,"href":"https:\/\/unbrainsdenergie.fr\/index.php?rest_route=\/wp\/v2\/pages\/4730\/revisions\/6662"}],"wp:attachment":[{"href":"https:\/\/unbrainsdenergie.fr\/index.php?rest_route=%2Fwp%2Fv2%2Fmedia&parent=4730"}],"curies":[{"name":"wp","href":"https:\/\/api.w.org\/{rel}","templated":true}]}}